vide 6367090?
True
Does 186 divide 13015736?
False
Is 14 a factor of 330512?
True
Does 14 divide 42057?
False
Does 36 divide 1026210?
False
Does 10 divide 181003?
False
Is 32 a factor of 938368?
True
Is 101 a factor of 338451?
True
Is 839768 a multiple of 8?
True
Is 148953 a multiple of 21?
True
Is 1017297 a multiple of 183?
True
Is 950334 a multiple of 121?
True
Is 24354630 a multiple of 1761?
True
Does 13 divide 987103?
True
Is 1064945 a multiple of 14?
False
Does 22 divide 4588453?
False
Is 17 a factor of 9750792?
True
Is 17 a factor of 162265?
True
Does 23 divide 393162?
True
Is 3878160 a multiple of 260?
True
Is 4 a factor of 38576?
True
Is 8014545 a multiple of 55?
True
Is 111 a factor of 85442?
False
Is 29 a factor of 178002?
True
Is 16 a factor of 848831?
False
Does 377 divide 34037?
False
Does 236 divide 2649808?
True
Is 628880 a multiple of 14?
True
Is 8 a factor of 2551082?
False
Does 101 divide 113769?
False
Is 5499337 a multiple of 564?
False
Is 21049 a multiple of 7?
True
Is 259 a factor of 47509?
False
Does 411 divide 4421538?
True
Is 152 a factor of 49248?
True
Is 249984 a multiple of 112?
True
Is 161 a factor of 1771805?
True
Does 130 divide 6041399?
False
Does 56 divide 227360?
True
Does 5 divide 136527?
False
Is 111 a factor of 60202?
False
Does 7 divide 11904130?
True
Does 14 divide 318811?
False
Does 567 divide 405899?
False
Is 10746360 a multiple of 9?
True
Is 1395617 a multiple of 69?
False
Is 523740 a multiple of 87?
True
Does 15 divide 2907855?
True
Does 58 divide 166642?
False
Is 6559 a multiple of 3?
False
Is 1079214 a multiple of 534?
True
Is 101 a factor of 1416773?
False
Does 40 divide 16187440?
True
Is 1649040 a multiple of 20?
True
Does 22 divide 639650?
True
Does 143 divide 136652?
False
Is 12 a factor of 102291?
False
Is 700 a factor of 465648?
False
Is 14168703 a multiple of 13?
False
Does 16 divide 29984?
True
Is 12 a factor of 3350820?
True
Is 285 a factor of 194826?
False
Is 2910 a multiple of 22?
False
Does 79 divide 621335?
True
Is 12292980 a multiple of 420?
True
Is 27998135 a multiple of 15?
False
Is 1561502 a multiple of 18?
False
Is 38 a factor of 302100?
True
Does 45 divide 169496?
False
Is 211982 a multiple of 252?
False
Is 60 a factor of 93162?
False
Does 9 divide 4109225?
False
Is 1416915 a multiple of 555?
True
Is 10214187 a multiple of 36?
False
Is 12 a factor of 2054232?
True
Does 93 divide 483710?
False
Does 47 divide 44467?
False
Does 342 divide 26676?
True
Is 89 a factor of 1169905?
True
Is 187 a factor of 885889?
False
Is 391392 a multiple of 72?
True
Is 648440 a multiple of 11?
False
Is 110 a factor of 18853?
False
Is 4653895 a multiple of 114?
False
Is 2492152 a multiple of 806?
True
Is 10519168 a multiple of 1408?
True
Does 57 divide 6120318?
True
Does 68 divide 2352324?
True
Does 29 divide 157093?
True
Does 50 divide 4408941?
False
Does 58 divide 582262?
True
Does 23 divide 97727?
True
Does 91 divide 3502764?
False
Is 2413 a factor of 9702673?
True
Is 554226 a multiple of 3?
True
Is 28443 a multiple of 11?
False
Is 49 a factor of 15202838?
True
Is 2657651 a multiple of 4?
False
Does 13 divide 128024?
True
Is 165 a factor of 74232?
False
Is 26620 a multiple of 11?
True
Is 814334 even?
True
Is 62135 a multiple of 320?
False
Does 40 divide 1153480?
True
Is 1707450 a multiple of 150?
True
Is 71 a factor of 2205466?
False
Does 61 divide 5576265?
False
Is 182736 a multiple of 9?
True
Does 497 divide 7126817?
False
Is 6 a factor of 72078?
True
Is 9 a factor of 19539?
True
Does 1525 divide 8294475?
True
Does 61 divide 451605?
False
Is 1027 a factor of 2261454?
True
Does 20 divide 38206?
False
Is 39 a factor of 1161498?
True
Is 49105 a multiple of 427?
True
Is 177282 a multiple of 126?
True
Does 279 divide 810802?
False
Is 308 a factor of 424732?
True
Is 195629 a multiple of 912?
False
Does 17 divide 672677?
False
Does 11 divide 980868?
False
Is 42 a factor of 22470?
True
Does 14 divide 41006?
True
Is 16 a factor of 147149?
False
Is 10 a factor of 4799462?
False
Is 12 a factor of 1287708?
True
Does 80 divide 270349?
False
Is 1023 a factor of 4727684?
False
Does 393 divide 84626?
False
Is 176089 a multiple of 20?
False
Does 1029 divide 2637327?
True
Does 17 divide 6762459?
False
Does 589 divide 7167053?
False
Is 1206 a multiple of 6?
True
Is 231 a factor of 2687351?
False
Is 120 a factor of 252000?
True
Is 326 a factor of 668388?
False
Does 32 divide 7808?
True
Does 235 divide 2463426?
False
Is 18 a factor of 67464?
True
Is 55 a factor of 16775?
True
Is 136620 a multiple of 12?
True
Is 35 a factor of 230176?
False
Does 134 divide 5677?
False
Is 7 a factor of 68551?
True
Does 26 divide 1013347?
False
Does 10 divide 2137420?
True
Is 1838080 a multiple of 32?
True
Does 65 divide 580596?
False
Does 153 divide 127143?
True
Is 30 a factor of 4358453?
False
Is 72 a factor of 12580863?
False
Is 464872 a multiple of 17?
False
Does 354 divide 88146?
True
Does 16 divide 65359?
False
Is 3400575 a multiple of 275?
False
Is 46 a factor of 1996028?
False
Does 9 divide 110697?
False
Is 48 a factor of 597402?
False
Does 55 divide 80685?
True
Does 53 divide 191330?
True
Is 14 a factor of 146573?
False
Is 35913 a multiple of 3?
True
Is 212 a factor of 224508?
True
Is 104 a factor of 11954372?
False
Is 7735140 a multiple of 12?
True
Is 246859 a multiple of 81?
False
Does 868 divide 2954672?
True
Does 6 divide 62712?
True
Does 31 divide 215612?
False
Is 75 a factor of 104625?
True
Does 106 divide 773906?
True
Does 10 divide 6706292?
False
Is 1528842 a multiple of 72?
False
Does 123 divide 11641?
False
Is 9665106 a multiple of 13?
False
Is 40 a factor of 859920?
True
Is 11 a factor of 66939?
False
Is 13 a factor of 77339?
False
Is 92 a factor of 884961?
False
Does 26 divide 2987280?
False
Is 71 a factor of 65107?
True
Is 12482960 a multiple of 31?
False
Is 268935 a multiple of 9?
False
Is 302479 a multiple of 12?
False
Is 276805 a multiple of 23?
True
Is 352 a factor of 295756?
False
Is 443526 a multiple of 87?
True
Is 360 a factor of 176400?
True
Is 327 a factor of 956475?
True
Is 69 a factor of 75290?
False
Does 127 divide 121412?
True
Is 494912 a multiple of 38?
True
Does 69 divide 318090?
True
Does 3 divide 861774?
True
Is 8 a factor of 29576?
True
Is 151 a factor of 5424794?
False
Is 305 a factor of 283912?
False
Does 427 divide 127063?
False
Is 109 a factor of 840608?
True
Does 47 divide 91020?
False
Does 12 divide 14070980?
False
Does 5 divide 840404?
False
Does 67 divide 1166364?
False
Is 5 a factor of 21681?
False
Is 661181 a multiple of 323?
True
Is 1991103 a multiple of 67?
False
Is 19947528 a multiple of 516?
True
Does 17 divide 325597?
False
Does 221 divide 2573099?
False
Does 118 divide 4340066?
False
Is 30 a factor of 500694?
False
Is 153900 a multiple of 162?
True
Is 913055 a multiple of 11?
True
Is 11833843 a multiple of 765?
False
Is 16 a factor of 477471?
False
Is 8 a factor of 1181757?
False
Is 6 a factor of 275474?
False
Is 6935549 a multiple of 630?
False
Is 1048 a factor of 10631518?
False
Is 33769 a multiple of 3?
False
Does 2024 divide 18489240?
True
Is 55 a factor of 22550?
True
Is 31 a factor of 5702908?
False
Is 1485397 a multiple of 164?
False
Is 23 a factor of 9567783?
False
Is 79 a factor of 10500838?
True
Does 5 divide 2432410?
True
Is 95832 a multiple of 36?
True
Does 517 divide 277152?
False
Is 49203 a multiple of 77?
True
Is 355416 a multiple of 12?
True
Does 135 divide 232875?
True
Does 15 divide 99690?
True
Does 12 divide 13511?
False
Does 18 divide 720216?
True
Is 46 a factor of 618652?
False
Does 26 divide 227656?
True
Is 24947 a multiple of 13?
True
Is 811463 a multiple of 88?
False
Is 4626 a multiple of 3?
True
Is 23 a factor of 19159?
True
Is 209463 a multiple of 7?
False
Is 1583308 a multiple of 12?
False
Is 38 a factor of 1402010?
True
Does 32 divide 41664?
True
Is 30 a factor of 29310?
True
Does 74 divide 87227?
False
Does 3 divide 91818?
True
Is 20 a factor of 188045?
False
Is 16 a factor of 2245382?
False
Does 10 divide 8069?
False
Is 95108 a multiple of 67?
False
Does 12 divide 3076768?
False
Does 36 divide 78309?
False
Does 13 divide 969470?
False
Is 412774 a multiple of 11?
False
Does 8 divide 16646?
False
Does 17 divide 6779572?
False
Is 10 a factor of 52093?
Fa